{"id":687,"date":"2019-10-01T21:47:30","date_gmt":"2019-10-01T21:47:30","guid":{"rendered":"https:\/\/lightskyblue-caribou-207283.hostingersite.com\/?page_id=687"},"modified":"2021-03-17T15:35:30","modified_gmt":"2021-03-17T15:35:30","slug":"herreria-industrial","status":"publish","type":"page","link":"https:\/\/estructurasrubicon.com\/index.php\/herreria-industrial\/","title":{"rendered":"Herrer\u00eda Industrial"},"content":{"rendered":"\t\t<div data-elementor-type=\"wp-page\" data-elementor-id=\"687\" class=\"elementor elementor-687\" data-elementor-post-type=\"page\">\n\t\t\t\t\t\t<section class=\"elementor-section elementor-top-section elementor-element elementor-element-ea52671 elementor-section-boxed elementor-section-height-default elementor-section-height-default\" data-id=\"ea52671\" data-element_type=\"section\" data-e-type=\"section\">\n\t\t\t\t\t\t<div class=\"elementor-container elementor-column-gap-default\">\n\t\t\t\t\t<div class=\"elementor-column elementor-col-100 elementor-top-column elementor-element elementor-element-0934676\" data-id=\"0934676\" data-element_type=\"column\" data-e-type=\"column\">\n\t\t\t<div class=\"elementor-widget-wrap elementor-element-populated\">\n\t\t\t\t\t\t<div class=\"elementor-element elementor-element-34cd0d9 elementor-widget__width-inherit elementor-widget elementor-widget-image\" data-id=\"34cd0d9\" data-element_type=\"widget\" data-e-type=\"widget\" data-widget_type=\"image.default\">\n\t\t\t\t<div class=\"elementor-widget-container\">\n\t\t\t\t\t\t\t\t\t\t\t\t\t\t\t<img decoding=\"async\" src=\"https:\/\/estructurasrubicon.com\/wp-content\/uploads\/2019\/09\/christopher-burns-Wiu3w-99tNg-unsplash-e1588969725375.jpg\" title=\"christopher-burns-Wiu3w-99tNg-unsplash\" alt=\"christopher-burns-Wiu3w-99tNg-unsplash\" loading=\"lazy\" \/>\t\t\t\t\t\t\t\t\t\t\t\t\t\t\t<\/div>\n\t\t\t\t<\/div>\n\t\t\t\t\t<\/div>\n\t\t<\/div>\n\t\t\t\t\t<\/div>\n\t\t<\/section>\n\t\t\t\t<section class=\"elementor-section elementor-top-section elementor-element elementor-element-2835a40 elementor-section-boxed elementor-section-height-default elementor-section-height-default\" data-id=\"2835a40\" data-element_type=\"section\" data-e-type=\"section\">\n\t\t\t\t\t\t<div class=\"elementor-container elementor-column-gap-default\">\n\t\t\t\t\t<div class=\"elementor-column elementor-col-100 elementor-top-column elementor-element elementor-element-03f67f9\" data-id=\"03f67f9\" data-element_type=\"column\" data-e-type=\"column\">\n\t\t\t<div class=\"elementor-widget-wrap elementor-element-populated\">\n\t\t\t\t\t\t<div class=\"elementor-element elementor-element-aec6e7c elementor-widget elementor-widget-text-editor\" data-id=\"aec6e7c\" data-element_type=\"widget\" data-e-type=\"widget\" data-widget_type=\"text-editor.default\">\n\t\t\t\t<div class=\"elementor-widget-container\">\n\t\t\t\t\t\t\t\t\t<p>Estructura Rubicon a lo largo de los a\u00f1os tambi\u00e9n ha logrado otros tipos de trabajos de herrer\u00eda con finos acabados, cada uno original en sus retos y dise\u00f1o.<\/p><p>Puedes mirar a continuaci\u00f3n ejemplos de estos trabajos.<\/p>\t\t\t\t\t\t\t\t<\/div>\n\t\t\t\t<\/div>\n\t\t\t\t\t<\/div>\n\t\t<\/div>\n\t\t\t\t\t<\/div>\n\t\t<\/section>\n\t\t\t\t<section class=\"elementor-section elementor-top-section elementor-element elementor-element-8b1adbf elementor-section-boxed elementor-section-height-default elementor-section-height-default\" data-id=\"8b1adbf\" data-element_type=\"section\" data-e-type=\"section\">\n\t\t\t\t\t\t<div class=\"elementor-container elementor-column-gap-default\">\n\t\t\t\t\t<div class=\"elementor-column elementor-col-100 elementor-top-column elementor-element elementor-element-dc5ac80\" data-id=\"dc5ac80\" data-element_type=\"column\" data-e-type=\"column\">\n\t\t\t<div class=\"elementor-widget-wrap elementor-element-populated\">\n\t\t\t\t\t\t<div class=\"elementor-element elementor-element-aef25df elementor-widget elementor-widget-image-gallery\" data-id=\"aef25df\" data-element_type=\"widget\" data-e-type=\"widget\" data-widget_type=\"image-gallery.default\">\n\t\t\t\t<div class=\"elementor-widget-container\">\n\t\t\t\t\t\t\t<div class=\"elementor-image-gallery\">\n\t\t\t<div id='gallery-1' class='gallery galleryid-687 gallery-columns-3 gallery-size-thumbnail'><figure class='gallery-item'>\n\t\t\t<div class='gallery-icon landscape'>\n\t\t\t\t<a data-elementor-open-lightbox=\"yes\" data-elementor-lightbox-slideshow=\"aef25df\" data-elementor-lightbox-title=\"constr-vallas-unipol\" data-e-action-hash=\"#elementor-action%3Aaction%3Dlightbox%26settings%3DeyJpZCI6NjMwLCJ1cmwiOiJodHRwczpcL1wvZXN0cnVjdHVyYXNydWJpY29uLmNvbVwvd3AtY29udGVudFwvdXBsb2Fkc1wvMjAxOVwvMDlcL2NvbnN0ci12YWxsYXMtdW5pcG9sLnBuZyIsInNsaWRlc2hvdyI6ImFlZjI1ZGYifQ%3D%3D\" href='https:\/\/estructurasrubicon.com\/wp-content\/uploads\/2019\/09\/constr-vallas-unipol.png'><img decoding=\"async\" width=\"150\" height=\"150\" src=\"https:\/\/estructurasrubicon.com\/wp-content\/uploads\/2019\/09\/constr-vallas-unipol-150x150.png\" class=\"attachment-thumbnail size-thumbnail\" alt=\"\" \/><\/a>\n\t\t\t<\/div><\/figure><figure class='gallery-item'>\n\t\t\t<div class='gallery-icon portrait'>\n\t\t\t\t<a data-elementor-open-lightbox=\"yes\" data-elementor-lightbox-slideshow=\"aef25df\" data-elementor-lightbox-title=\"alexander-tsang-ILyIyIiUACk-unsplash\" data-e-action-hash=\"#elementor-action%3Aaction%3Dlightbox%26settings%3DeyJpZCI6NjIxLCJ1cmwiOiJodHRwczpcL1wvZXN0cnVjdHVyYXNydWJpY29uLmNvbVwvd3AtY29udGVudFwvdXBsb2Fkc1wvMjAxOVwvMDlcL2FsZXhhbmRlci10c2FuZy1JTHlJeUlpVUFDay11bnNwbGFzaC5qcGciLCJzbGlkZXNob3ciOiJhZWYyNWRmIn0%3D\" href='https:\/\/estructurasrubicon.com\/wp-content\/uploads\/2019\/09\/alexander-tsang-ILyIyIiUACk-unsplash.jpg'><img decoding=\"async\" width=\"150\" height=\"150\" src=\"https:\/\/estructurasrubicon.com\/wp-content\/uploads\/2019\/09\/alexander-tsang-ILyIyIiUACk-unsplash-150x150.jpg\" class=\"attachment-thumbnail size-thumbnail\" alt=\"\" \/><\/a>\n\t\t\t<\/div><\/figure><figure class='gallery-item'>\n\t\t\t<div class='gallery-icon portrait'>\n\t\t\t\t<a data-elementor-open-lightbox=\"yes\" data-elementor-lightbox-slideshow=\"aef25df\" data-elementor-lightbox-title=\"dominik-francis-kv_T42Z9BnI-unsplash\" data-e-action-hash=\"#elementor-action%3Aaction%3Dlightbox%26settings%3DeyJpZCI6NjI0LCJ1cmwiOiJodHRwczpcL1wvZXN0cnVjdHVyYXNydWJpY29uLmNvbVwvd3AtY29udGVudFwvdXBsb2Fkc1wvMjAxOVwvMDlcL2RvbWluaWstZnJhbmNpcy1rdl9UNDJaOUJuSS11bnNwbGFzaC5qcGciLCJzbGlkZXNob3ciOiJhZWYyNWRmIn0%3D\" href='https:\/\/estructurasrubicon.com\/wp-content\/uploads\/2019\/09\/dominik-francis-kv_T42Z9BnI-unsplash.jpg'><img decoding=\"async\" width=\"150\" height=\"150\" src=\"https:\/\/estructurasrubicon.com\/wp-content\/uploads\/2019\/09\/dominik-francis-kv_T42Z9BnI-unsplash-150x150.jpg\" class=\"attachment-thumbnail size-thumbnail\" alt=\"\" \/><\/a>\n\t\t\t<\/div><\/figure><figure class='gallery-item'>\n\t\t\t<div class='gallery-icon landscape'>\n\t\t\t\t<a data-elementor-open-lightbox=\"yes\" data-elementor-lightbox-slideshow=\"aef25df\" data-elementor-lightbox-title=\"ruize-li-9VHmmHwEnEo-unsplash\" data-e-action-hash=\"#elementor-action%3Aaction%3Dlightbox%26settings%3DeyJpZCI6NjI3LCJ1cmwiOiJodHRwczpcL1wvZXN0cnVjdHVyYXNydWJpY29uLmNvbVwvd3AtY29udGVudFwvdXBsb2Fkc1wvMjAxOVwvMDlcL3J1aXplLWxpLTlWSG1tSHdFbkVvLXVuc3BsYXNoLmpwZyIsInNsaWRlc2hvdyI6ImFlZjI1ZGYifQ%3D%3D\" href='https:\/\/estructurasrubicon.com\/wp-content\/uploads\/2019\/09\/ruize-li-9VHmmHwEnEo-unsplash.jpg'><img loading=\"lazy\" decoding=\"async\" width=\"150\" height=\"150\" src=\"https:\/\/estructurasrubicon.com\/wp-content\/uploads\/2019\/09\/ruize-li-9VHmmHwEnEo-unsplash-150x150.jpg\" class=\"attachment-thumbnail size-thumbnail\" alt=\"\" \/><\/a>\n\t\t\t<\/div><\/figure><figure class='gallery-item'>\n\t\t\t<div class='gallery-icon landscape'>\n\t\t\t\t<a data-elementor-open-lightbox=\"yes\" data-elementor-lightbox-slideshow=\"aef25df\" data-elementor-lightbox-title=\"michael-browning-WbjdcWUyLRQ-unsplash\" data-e-action-hash=\"#elementor-action%3Aaction%3Dlightbox%26settings%3DeyJpZCI6NjI2LCJ1cmwiOiJodHRwczpcL1wvZXN0cnVjdHVyYXNydWJpY29uLmNvbVwvd3AtY29udGVudFwvdXBsb2Fkc1wvMjAxOVwvMDlcL21pY2hhZWwtYnJvd25pbmctV2JqZGNXVXlMUlEtdW5zcGxhc2gtZTE1ODg5Njk3Njk4NjkuanBnIiwic2xpZGVzaG93IjoiYWVmMjVkZiJ9\" href='https:\/\/estructurasrubicon.com\/wp-content\/uploads\/2019\/09\/michael-browning-WbjdcWUyLRQ-unsplash-e1588969769869.jpg'><img loading=\"lazy\" decoding=\"async\" width=\"150\" height=\"150\" src=\"https:\/\/estructurasrubicon.com\/wp-content\/uploads\/2019\/09\/michael-browning-WbjdcWUyLRQ-unsplash-150x150.jpg\" class=\"attachment-thumbnail size-thumbnail\" alt=\"\" \/><\/a>\n\t\t\t<\/div><\/figure><figure class='gallery-item'>\n\t\t\t<div class='gallery-icon landscape'>\n\t\t\t\t<a data-elementor-open-lightbox=\"yes\" data-elementor-lightbox-slideshow=\"aef25df\" data-elementor-lightbox-title=\"russ-ward-3-AYozgadHw-unsplash\" data-e-action-hash=\"#elementor-action%3Aaction%3Dlightbox%26settings%3DeyJpZCI6NjI4LCJ1cmwiOiJodHRwczpcL1wvZXN0cnVjdHVyYXNydWJpY29uLmNvbVwvd3AtY29udGVudFwvdXBsb2Fkc1wvMjAxOVwvMDlcL3J1c3Mtd2FyZC0zLUFZb3pnYWRIdy11bnNwbGFzaC1lMTU4ODk2OTYwNzYwNS5qcGciLCJzbGlkZXNob3ciOiJhZWYyNWRmIn0%3D\" href='https:\/\/estructurasrubicon.com\/wp-content\/uploads\/2019\/09\/russ-ward-3-AYozgadHw-unsplash-e1588969607605.jpg'><img loading=\"lazy\" decoding=\"async\" width=\"150\" height=\"150\" src=\"https:\/\/estructurasrubicon.com\/wp-content\/uploads\/2019\/09\/russ-ward-3-AYozgadHw-unsplash-150x150.jpg\" class=\"attachment-thumbnail size-thumbnail\" alt=\"\" \/><\/a>\n\t\t\t<\/div><\/figure>\n\t\t<\/div>\n\t\t<\/div>\n\t\t\t\t\t\t<\/div>\n\t\t\t\t<\/div>\n\t\t\t\t\t<\/div>\n\t\t<\/div>\n\t\t\t\t\t<\/div>\n\t\t<\/section>\n\t\t\t\t<\/div>\n\t\t","protected":false},"excerpt":{"rendered":"<p>Estructura Rubicon a lo largo de los a\u00f1os tambi\u00e9n ha logrado otros tipos de trabajos de herrer\u00eda con finos acabados, cada uno original en sus retos y dise\u00f1o. Puedes mirar a continuaci\u00f3n ejemplos de estos trabajos.<\/p>\n","protected":false},"author":2,"featured_media":0,"parent":0,"menu_order":0,"comment_status":"closed","ping_status":"closed","template":"","meta":{"_monsterinsights_skip_tracking":false,"_monsterinsights_sitenote_active":false,"_monsterinsights_sitenote_note":"","_monsterinsights_sitenote_category":0,"neve_meta_sidebar":"","neve_meta_container":"","neve_meta_enable_content_width":"","neve_meta_content_width":70,"neve_meta_title_alignment":"","neve_meta_author_avatar":"","neve_post_elements_order":"","neve_meta_disable_header":"","neve_meta_disable_footer":"","neve_meta_disable_title":"","_vp_format_video_url":"","_vp_image_focal_point":[],"footnotes":""},"class_list":["post-687","page","type-page","status-publish","hentry"],"_hostinger_reach_plugin_has_subscription_block":false,"_hostinger_reach_plugin_is_elementor":false,"_links":{"self":[{"href":"https:\/\/estructurasrubicon.com\/index.php\/wp-json\/wp\/v2\/pages\/687","targetHints":{"allow":["GET"]}}],"collection":[{"href":"https:\/\/estructurasrubicon.com\/index.php\/wp-json\/wp\/v2\/pages"}],"about":[{"href":"https:\/\/estructurasrubicon.com\/index.php\/wp-json\/wp\/v2\/types\/page"}],"author":[{"embeddable":true,"href":"https:\/\/estructurasrubicon.com\/index.php\/wp-json\/wp\/v2\/users\/2"}],"replies":[{"embeddable":true,"href":"https:\/\/estructurasrubicon.com\/index.php\/wp-json\/wp\/v2\/comments?post=687"}],"version-history":[{"count":0,"href":"https:\/\/estructurasrubicon.com\/index.php\/wp-json\/wp\/v2\/pages\/687\/revisions"}],"wp:attachment":[{"href":"https:\/\/estructurasrubicon.com\/index.php\/wp-json\/wp\/v2\/media?parent=687"}],"curies":[{"name":"wp","href":"https:\/\/api.w.org\/{rel}","templated":true}]}}